3 a factor of 67936?
False
Does 3 divide 319?
False
Is 10745 a multiple of 18?
False
Does 34 divide 1218?
False
Is 66 a factor of 20328?
True
Does 18 divide 1055?
False
Does 5 divide 5587?
False
Is 901 a multiple of 17?
True
Is 24 a multiple of 6?
True
Does 2 divide 740?
True
Is 6032 a multiple of 13?
True
Is 15924 a multiple of 12?
True
Is 17596 a multiple of 53?
True
Is 63720 a multiple of 227?
False
Is 52 even?
True
Is 7 a factor of 7826?
True
Is 26 a factor of 3562?
True
Is 6 a factor of 114?
True
Is 7350 a multiple of 20?
False
Is 48 a factor of 101856?
True
Is 17 a factor of 3345?
False
Is 13039 even?
False
Is 735 a multiple of 3?
True
Is 11 a factor of 382?
False
Does 34 divide 884?
True
Does 131 divide 69483?
False
Does 208 divide 15277?
False
Is 9 a factor of 119?
False
Does 60 divide 4142?
False
Is 8502 a multiple of 109?
True
Does 59 divide 1773?
False
Does 14 divide 17990?
True
Is 11035 a multiple of 8?
False
Is 484 a multiple of 4?
True
Is 76 a factor of 23623?
False
Does 16 divide 14448?
True
Is 6006 a multiple of 66?
True
Is 12 a factor of 660?
True
Is 47 a factor of 2172?
False
Does 38 divide 266?
True
Is 23350 a multiple of 10?
True
Is 3 a factor of 3183?
True
Does 7 divide 497?
True
Does 57 divide 14706?
True
Is 5 a factor of 1766?
False
Is 8 a factor of 360?
True
Is 960 a multiple of 30?
True
Is 60 a factor of 4380?
True
Does 13 divide 813?
False
Is 39 a factor of 23088?
True
Is 31 a multiple of 2?
False
Does 44 divide 35036?
False
Is 89 a factor of 3514?
False
Is 14751 a multiple of 51?
False
Is 38865 a multiple of 15?
True
Is 9 a factor of 348?
False
Is 2235 a multiple of 36?
False
Is 15 a factor of 954?
False
Is 38 a factor of 17100?
True
Is 17 a factor of 255?
True
Is 14985 a multiple of 13?
False
Is 13500 a multiple of 45?
True
Is 2 a factor of 1745?
False
Does 9 divide 27504?
True
Is 343 a factor of 42875?
True
Is 37480 a multiple of 20?
True
Is 23 a factor of 9200?
True
Is 54 a factor of 69051?
False
Is 103 a factor of 15279?
False
Does 87 divide 87?
True
Is 5802 a multiple of 76?
False
Does 2 divide 146?
True
Is 9712 a multiple of 16?
True
Is 34 a factor of 445?
False
Is 17 a factor of 525?
False
Is 3 a factor of 2663?
False
Is 60 a factor of 6300?
True
Is 1010 a multiple of 101?
True
Is 87 a factor of 2871?
True
Is 28 a factor of 1008?
True
Is 27 a factor of 1755?
True
Does 37 divide 5809?
True
Does 72 divide 3512?
False
Does 16 divide 494?
False
Is 5001 a multiple of 32?
False
Does 42 divide 5026?
False
Is 168 a multiple of 7?
True
Is 52348 a multiple of 11?
False
Is 6016 a multiple of 18?
False
Is 38 a factor of 22551?
False
Does 2 divide 44?
True
Is 21 a factor of 29492?
False
Is 16 a factor of 2368?
True
Does 32 divide 128?
True
Is 4 a factor of 2980?
True
Does 14 divide 5012?
True
Is 16368 a multiple of 11?
True
Does 122 divide 1601?
False
Does 12 divide 734?
False
Does 114 divide 3534?
True
Does 110 divide 1548?
False
Is 3 a factor of 114?
True
Is 5834 a multiple of 10?
False
Is 154 a factor of 17094?
True
Is 447 a multiple of 12?
False
Is 12 a factor of 2089?
False
Is 27 a factor of 2214?
True
Is 167 a multiple of 6?
False
Does 68 divide 93492?
False
Is 1884 a multiple of 28?
False
Does 17 divide 2159?
True
Is 57 a multiple of 5?
False
Is 17 a factor of 2380?
True
Is 26 a factor of 1113?
False
Is 24 a factor of 613?
False
Is 3 a factor of 1371?
True
Does 9 divide 8947?
False
Is 22 a factor of 2904?
True
Does 11 divide 294?
False
Does 28 divide 17024?
True
Is 23 a factor of 37306?
True
Does 16 divide 535?
False
Is 115 a factor of 12329?
False
Is 18 a factor of 1135?
False
Is 177 a multiple of 2?
False
Does 3 divide 33?
True
Does 21 divide 5741?
False
Does 3 divide 3944?
False
Does 18 divide 8672?
False
Is 199 a factor of 54327?
True
Does 10 divide 14563?
False
Is 1650 a multiple of 26?
False
Is 1251 a multiple of 13?
False
Does 26 divide 3997?
False
Is 7 a factor of 197?
False
Is 140 a multiple of 28?
True
Is 2083 a multiple of 15?
False
Does 83 divide 31872?
True
Is 20 a factor of 9550?
False
Does 38 divide 6574?
True
Is 23 a factor of 7728?
True
Does 20 divide 11156?
False
Does 77 divide 693?
True
Is 82 a factor of 527?
False
Is 1154 a multiple of 7?
False
Is 25357 a multiple of 7?
False
Is 3 a factor of 6231?
True
Is 5236 a multiple of 44?
True
Is 64 a factor of 1292?
False
Is 702 a multiple of 13?
True
Is 13 a factor of 119?
False
Does 45 divide 4812?
False
Is 59 a factor of 14868?
True
Does 7 divide 1743?
True
Is 203 a factor of 6836?
False
Is 28 a factor of 1292?
False
Does 119 divide 8806?
True
Does 69 divide 7452?
True
Does 40 divide 1320?
True
Is 75 a factor of 30525?
True
Is 172 a multiple of 7?
False
Is 25 a factor of 1202?
False
Is 28 a factor of 18984?
True
Does 5 divide 30?
True
Is 709 a multiple of 48?
False
Is 62 a factor of 33790?
True
Is 8906 a multiple of 35?
False
Is 54 a factor of 5508?
True
Does 27 divide 6219?
False
Is 2 a factor of 5812?
True
Is 38610 a multiple of 198?
True
Is 15 a factor of 8250?
True
Is 126 a multiple of 42?
True
Does 11 divide 614?
False
Is 1110 a multiple of 6?
True
Is 8221 a multiple of 26?
False
Is 16 a factor of 210?
False
Does 57 divide 40887?
False
Is 32635 a multiple of 28?
False
Is 929 a multiple of 36?
False
Is 43 a factor of 23306?
True
Is 44 a factor of 2937?
False
Is 5 a factor of 280?
True
Is 785 a multiple of 157?
True
Does 11 divide 1133?
True
Is 68 a factor of 748?
True
Is 11 a factor of 1639?
True
Is 338 a multiple of 5?
False
Does 41 divide 9225?
True
Does 19 divide 4824?
False
Is 3 a factor of 43?
False
Is 32 a factor of 102?
False
Is 5 a factor of 31070?
True
Does 73 divide 219?
True
Is 11484 a multiple of 28?
False
Is 2075 a multiple of 5?
True
Is 3626 a multiple of 49?
True
Is 125 a factor of 97042?
False
Is 50 a factor of 100?
True
Is 8415 a multiple of 9?
True
Is 43 a factor of 838?
False
Does 12 divide 3514?
False
Is 6 a factor of 2304?
True
Is 75 a factor of 2475?
True
Does 2 divide 54?
True
Is 94 a multiple of 6?
False
Is 8304 a multiple of 48?
True
Does 5 divide 49645?
True
Is 30 a multiple of 5?
True
Does 14 divide 2396?
False
Does 13 divide 44577?
True
Is 16 a factor of 1168?
True
Does 162 divide 29808?
True
Does 18 divide 954?
True
Is 39 a factor of 65286?
True
Does 20 divide 1320?
True
Does 22 divide 48378?
True
Is 4634 a multiple of 86?
False
Does 5 divide 1280?
True
Does 77 divide 6237?
True
Does 92 divide 3312?
True
Is 5 a multiple of 5?
True
Does 55 divide 10888?
False
Does 17 divide 23441?
False
Is 125 a factor of 10917?
False
Is 12 a factor of 108?
True
Does 33 divide 7512?
False
Does 34 divide 136?
True
Is 16 a factor of 4862?
False
Is 10 a factor of 11970?
True
Is 26143 a multiple of 9?
False
Is 2837 a multiple of 50?
False
Is 5760 a multiple of 16?
True
Is 11 a factor of 37556?
False
Does 40 divide 6400?
True
Is 4553 a multiple of 32?
False
Does 25 divide 850?
True
Is 157144 a multiple of 104?
True
Is 15461 a multiple of 21?
False
Is 33 a factor of 830?
False
Is 80 a factor of 14127?
False
Is 5 a factor of 246?
False
Does 4 divide 167?
False
Is 553 even?
False
Is 21 a multiple of 6?
False
Is 92928 a multiple of 66?
True
Is 98 a factor of 9538?
False
Is 2120 a multiple of 12?
False
Is 228 a factor of 77976?
True
Is 5388 a multiple of 3?
True
Does 8 divide 17569?
False
Is 10 a factor of 170?
True
Is 6155 a multiple of 29?
False
Does 12 divide 96?
True
Does 69 divide 3055?
False
Does 30 divide 5766?
False
Is 140 a factor of 17796?
False
Is 3712 a multiple of 16?
True
Does 10 divide 1982?
False
Is 105 a factor of 24570?
True
Is 350 a multiple of 16?
False
Is 32 a factor of 1910?
False
Does 146 divide 11568?
False
Does 52 divide 10492?
False
Does 6 divide 306?
True
Is 1412 a multiple of 23?
False
Does 66 divide 38940?
True
Is 43111 a multiple of 21?
False
Is 804 a multiple of 6?
True
Does 359 divide 11683?
False
Does 13 divide 689?
True
Is 38869 a multiple of 4?
False
Is 3 a factor of 7402?
False
Does 13 divide 35285?
False
Is 13 a factor of 9020?
False
Is 9 a factor of 9765?
True
Is 2 a factor of 6151?
False
Does 11 divide 3179?
True
Is 1963 a multiple of 13?
True
Does 6 divide 78?
True
Is 8 a factor of 1060?
False
Is 21565 a multiple of 95?
True
Is 19 a factor of 19489?
False
Does 34 divide 1190?
True
Does 22 divide 574?
Fa